alculate the greatest common divisor of i and 25.
25
Let r be (-28)/(52/(-16) - -3). Suppose 187*y - 210 = 177*y. What is the highest common divisor of y and r?
7
Suppose 0 = -4*o - 82*d + 84*d + 2626, 3*d + 649 = o. Calculate the greatest common factor of 1598 and o.
94
Let w(g) = g**2 - 16*g - 143. Let z(f) = 13*f**2 - 16*f + 3. Let p be z(2). Let b be w(p). What is the greatest common divisor of b and 2?
2
Suppose -23*l - l + 8534 - 1022 = 0. Calculate the highest common divisor of 1 and l.
1
Let a = 3971 + -3440. Calculate the greatest common factor of a and 27.
9
Let u(p) = 4*p + 12. Let n be u(-3). Let o be 20/(-15)*(3 - (0 - n)). Let v be 1035/10 + 6/o. What is the greatest common factor of 34 and v?
34
Let o(k) = -k**2 - 36*k - 77. Suppose 0*y + 84 = -3*w - 5*y, 5*y + 117 = -4*w. Let z be o(w). Calculate the highest common divisor of z and 704.
22
Let b(t) = -33*t - 1652. Let v be b(-59). What is the highest common factor of v and 15?
5
Let n be 7*7*2*7/49. Let v(x) = -2*x + 10*x**2 + 2*x - x**3 - 8*x + 5 + 4*x**2. Let s be v(13). What is the highest common divisor of n and s?
14
Let c = 15 + 3. Let d = -3231 - -3753. Calculate the greatest common factor of c and d.
18
Let o = -30 - -37. Let f(p) = p**3 - 45*p**2 + 87*p - 38. Let r be f(43). Calculate the greatest common factor of r and o.
1
Suppose -8961 = 2293*i - 2396*i. Calculate the greatest common divisor of 8787 and i.
87
Let o be ((-80)/(-24))/(1/9). Let y be -470*1/(o/(-18)). What is the highest common divisor of 94 and y?
94
Suppose 0 = -2*p - 3*z - 6, -4 = -6*p + p + 2*z. Let x be (-22)/((-6)/9*3). Suppose -x*y + 17*y - 126 = p. Calculate the greatest common divisor of y and 21.
21
Let v(t) = t**2 + 20*t - 1800. Let k be v(-55). What is the highest common factor of k and 400?
25
Suppose -2*f - 2*a + 350 = -260, -5*f = -3*a - 1581. Calculate the highest common divisor of 2340 and f.
156
Let c(f) = f**3 - 2*f**2 + 722*f - 2856. Let a be c(4). Let w be 3/((-9)/8)*-6. Calculate the highest common divisor of w and a.
16
Let y = 135 + -95. Let i = 66 + -61. Let f be 5*i/100 + 79/4. What is the greatest common divisor of f and y?
20
Suppose -k + 7 = 5*x, x - 6 - 11 = 5*k. Suppose -12 = 5*r + 3, x*v + r - 197 = 0. Calculate the greatest common factor of 25 and v.
25
Suppose 4*m = 2259*i - 2264*i + 145, -16*m - i + 941 = 0. Let q(j) = 92*j**2 - 5*j - 3. Let y be q(-3). Calculate the highest common divisor of m and y.
60
Let n(s) = 539*s - 1799. Let o be n(5). Calculate the greatest common factor of 704 and o.
64
Suppose 3*m = i - 3, 0 = 156*m - 152*m - 20. Let y be 1/3 - (-1290)/18. What is the greatest common divisor of i and y?
18
Let f be 2/14 + -17 + 1350/105. Suppose 0*w = w - 3, -w = -5*h + 2. Let p be (f/1 + h)*(-2)/3. Calculate the highest common divisor of p and 22.
2
Let q = -7 + 3. Let i be (-36)/27*6/q. Suppose 95 = 2*p - 4*g + 35, -i*p = -3*g - 60. Calculate the highest common divisor of p and 6.
6
Let w(k) = 15*k**2 - 19*k + 166. Let o be w(9). What is the highest common factor of o and 10?
10
Let f be -293 - (2 + -7 + 9). Let z = f - -309. What is the highest common factor of z and 78?
6
Let j be 16/520 + (-5098265)/(-325). Calculate the highest common factor of j and 27.
27
Let b(o) be the third derivative of 0*o + o**2 - 1/24*o**4 + 0 + 7/2*o**3. Let n be b(11). What is the greatest common divisor of n and 2?
2
Let q be (0 - (-16)/5)*20. Suppose 4*c - 16 = -3*j + 27, -2*j = 4*c - 22. Let v be (16 - -8)/(j/14). Calculate the highest common divisor of v and q.
16
Let r be (74 - 2) + -1 + -4. Suppose 3*v - r = 38. What is the greatest common divisor of 20 and v?
5
Let m = -624 - -628. Let y be -1 + m/(-8) + 41/2. What is the highest common factor of y and 76?
19
Let d = -16282 - -27190. Calculate the highest common factor of d and 324.
108
Let h(x) be the first derivative of -37*x + 7/2*x**2 - 20. Let v be h(7). Calculate the highest common factor of v and 12.
12
Let m(z) = 15*z**3 + 86*z**2 - 11*z - 9. Let g be m(-5). Calculate the highest common divisor of 2033 and g.
107
Let i be 0 + (-1)/(-1)*3. Suppose 4*f - 3*m - 1149 = -6*m, 3*m = f - 291. Let o = 294 - f. What is the highest common divisor of i and o?
3
Suppose -4*i + 1197 = i + u, -3*i + 5*u + 735 = 0. Let v be (-6)/(-33) + 654/33. Calculate the highest common factor of v and i.
20
Let g(v) = -v**2 + 332*v - 5054. Let m be g(16). Calculate the highest common divisor of 71 and m.
1
Let d = 8913 + -3226. What is the greatest common factor of d and 55?
11
Let q(f) = 3*f - 9. Suppose -5*g = 5*j - 30, -g + 2 = -j - 0. Let h be q(g). Let p be 30 + (0/1)/5. What is the greatest common divisor of p and h?
3
Let u be (7/2)/((-23)/276). Let b be (24/(-28))/(2 - (-85)/u). Let g be -2 + (177/3 - 3). Calculate the greatest common factor of b and g.
18
Suppose 5*x = 5*l - 1110, -2*l + 182 + 253 = -5*x. Suppose 4*r = -p + r + l, 2*p + 2*r = 462. What is the greatest common factor of 26 and p?
26
Let r(a) = 16*a + 8. Let i be r(7). Suppose -71351 + 187607 = 692*n. Calculate the greatest common factor of n and i.
24
Let q = -13361 - -13419. Calculate the highest common factor of q and 19053.
29
Let b(x) = -6902*x + 625. Let g be b(-3). Calculate the highest common divisor of g and 83.
83
Let j be (23/46)/(3*(-1)/(-60)). Suppose 4*k + 1617 = 7*k. Suppose 0 = 10*w + 139 - k. Calculate the greatest common factor of w and j.
10
Let x(r) = -2*r**2 + 41*r. Let b be x(20). Suppose 4*s - b + 30 = 2*g, -5*s = 3*g - 70. Let y = 14 - 4. Calculate the highest common divisor of g and y.
5
Suppose -31*o + 37*o - 107 = 169. What is the greatest common factor of o and 368?
46
Suppose 4*c + 3 = -397. Let g = 154 + c. What is the highest common factor of g and 18?
18
Suppose -598*k + 623*k - 1425 = 0. Calculate the greatest common divisor of k and 72.
3
Let z = 344 - 332. Calculate the greatest common divisor of 712 and z.
4
Let n(a) = a**3 - 4*a**2 - 2*a - 5. Let c = -44 + 60. Let q = c + -11. Let r be n(q). What is the highest common factor of r and 50?
10
Let z(m) = -69*m - 24. Suppose -2*j = 6 - 0, -5*f - j - 13 = 0. Let s be z(f). Calculate the greatest common factor of 36 and s.
6
Let m = 713 + -1677. Let h = 979 + m. What is the greatest common divisor of 150 and h?
15
Suppose 385 = 18*g - 13*g. Let f = 439 + g. What is the highest common divisor of f and 12?
12
Let z be 8/24*6 - -17. Let a be 5 - 1 - 13*-7. Calculate the highest common factor of z and a.
19
Suppose -i + 4 = n, 5*i - 2*n - 6 = -21. Let b(v) = 304*v**2 - v + 1. Let r be b(i). Let s be -4*(-17)/(-2)*-1. Calculate the highest common factor of r and s.
34
Let w(a) = -a**3 + 54*a**2 - 110*a + 318. Let x be w(52). Calculate the greatest common divisor of x and 2229.
3
Let g(z) = 33*z + 2. Suppose 7*v = -15 + 22. Let q be g(v). Calculate the greatest common divisor of 70 and q.
35
Let b(j) = 7*j**2 + 33*j - 308. Let s be b(20). What is the highest common divisor of 16 and s?
16
Suppose -111*i + 60175 = -144953. Calculate the highest common factor of 588 and i.
84
Suppose -129*h = -227189 - 169357. Calculate the greatest common divisor of h and 58.
58
Let y(x) = x**3 + 20*x**2 - 17*x + 45. Let p be y(-20). Let v be 35/(-2)*(1 + 6/(-2)). Calculate the highest common divisor of v and p.
35
Suppose 334*u = 332*u - 12, -u = 5*b - 15674. Calculate the greatest common factor of b and 343.
49
Let t(z) = -101*z + 14. Let f be t(-6). Suppose -17*r = -94 - f. What is the greatest common factor of r and 42?
42
Suppose -5*n - 4*t = -7, 2*n + 3*n = -t + 13. Let a be n*(-2 + 7) + -1. Suppose -76*y = -18590 + 10078. What is the greatest common divisor of y and a?
14
Let o be (111696/182 - 17) + (-1)/(7/(-2)). Calculate the highest common divisor of o and 1393.
199
Let p(z) = -647*z + 1178. Let c be p(-25). What is the greatest common divisor of c and 67?
67
Let o(p) = -p**3 - 23*p**2 + 25*p - 114. Let t be o(-25). Calculate the highest common factor of t and 2.
1
Let h be (-54)/((-94)/44 + (-8)/(-4)). Suppose -38 = -p - 3*y, -2*y - 6 = -3*p + 130. Calculate the highest common divisor of p and h.
44
Suppose 14 = 5*b + 74. Let o(u) = u**2 + 13*u + 19. Let l be o(b). Let a be 187 - ((-2)/5 - l/(-5)). Calculate the highest common factor of a and 31.
31
Let n be (-2 + (-3)/(-1))*23. Suppose n*h